the greatest common factor of 5738 and 699770.
38
What is the highest common factor of 21714306 and 12?
6
What is the greatest common divisor of 5183978 and 65794?
982
Calculate the highest common factor of 75313 and 4790597.
203
Calculate the highest common factor of 978 and 455822817.
489
What is the greatest common divisor of 10012286 and 68?
34
Calculate the highest common factor of 248 and 623380736.
248
Calculate the greatest common divisor of 254968 and 37149.
203
What is the highest common divisor of 17 and 12512136?
17
Calculate the greatest common factor of 14004 and 271740618.
7002
Calculate the highest common factor of 77650404 and 24.
12
Calculate the highest common factor of 63 and 28669319.
7
What is the highest common factor of 34601681 and 289?
289
What is the highest common divisor of 7833 and 66046737?
1119
What is the highest common factor of 175 and 679105?
35
What is the greatest common factor of 1036 and 1206422?
518
Calculate the highest common factor of 302720 and 11539308.
1892
Calculate the highest common divisor of 384 and 43532352.
192
What is the greatest common factor of 180 and 655140?
60
Calculate the highest common factor of 8 and 13419704.
8
What is the greatest common factor of 738 and 38540574?
738
Calculate the highest common factor of 11484 and 208716.
12
What is the greatest common divisor of 34582407 and 2147?
113
Calculate the highest common factor of 57360 and 20340812.
956
What is the greatest common factor of 501179805 and 595?
595
Calculate the highest common divisor of 26268132 and 948.
948
Calculate the greatest common divisor of 855 and 43912305.
45
Calculate the greatest common divisor of 1854 and 565882824.
618
What is the greatest common factor of 132121580 and 1590?
530
Calculate the highest common divisor of 32735458 and 14.
14
Calculate the highest common divisor of 1106 and 17087.
7
Calculate the greatest common factor of 5721908 and 7572.
2524
Calculate the highest common factor of 18 and 5846066.
2
Calculate the greatest common factor of 632 and 682120.
8
Calculate the highest common divisor of 260 and 527410.
130
What is the highest common divisor of 220 and 20799880?
20
Calculate the highest common factor of 1434 and 493401399.
717
Calculate the highest common factor of 6741315 and 19845.
315
What is the highest common factor of 1405661376 and 7728?
7728
What is the greatest common divisor of 68 and 81508642?
34
What is the highest common factor of 1204 and 478328732?
1204
What is the highest common factor of 234 and 4509954?
18
Calculate the greatest common factor of 13762 and 8274.
14
What is the highest common factor of 2697 and 38943843?
93
What is the highest common factor of 5396 and 27684036?
284
Calculate the greatest common divisor of 2933 and 2504363.
419
Calculate the highest common factor of 36994647 and 29697.
1563
Calculate the highest common divisor of 762075 and 19575.
675
Calculate the highest common factor of 1832944 and 208.
16
Calculate the highest common divisor of 900 and 403587100.
100
Calculate the greatest common factor of 31888 and 10600.
8
Calculate the highest common divisor of 5409841 and 1081.
47
Calculate the highest common divisor of 1001 and 11354343.
1001
Calculate the highest common divisor of 11622075 and 150.
75
What is the greatest common factor of 36116400 and 4800?
1200
What is the highest common factor of 15203960 and 149?
149
What is the highest common divisor of 276918721 and 844?
211
Calculate the greatest common divisor of 4160 and 4931485.
65
Calculate the highest common factor of 72 and 2451249.
9
Calculate the greatest common factor of 1942572 and 1248.
12
Calculate the greatest common divisor of 86 and 2762416.
2
Calculate the greatest common divisor of 3174067 and 26.
13
What is the greatest common divisor of 138 and 769787?
23
Calculate the highest common factor of 115443 and 47268.
909
Calculate the greatest common divisor of 925740 and 215450.
1390
Calculate the greatest common divisor of 1925126 and 2073.
691
Calculate the greatest common factor of 558993384 and 72.
72
What is the highest common factor of 680925 and 18900?
525
What is the highest common factor of 6902 and 2262606738?
6902
Calculate the greatest common factor of 1158 and 104280795.
579
What is the greatest common divisor of 56 and 561984248?
56
What is the highest common divisor of 8608737 and 1581573?
4611
What is the greatest common factor of 4212 and 3402324?
324
What is the greatest common divisor of 2379 and 579439?
61
Calculate the greatest common divisor of 24017749 and 1603.
1603
Calculate the greatest common factor of 11 and 54730423.
11
What is the greatest common divisor of 531 and 6475132?
59
Calculate the highest common divisor of 40170 and 12272.
26
What is the greatest common divisor of 3858024 and 846?
6
Calculate the highest common factor of 85 and 57421614.
17
What is the greatest common factor of 25082642 and 13?
13
Calculate the highest common factor of 2198510 and 50.
10
Calculate the highest common factor of 10939636 and 34.
34
Calculate the greatest common divisor of 662960 and 1416.
8
What is the highest common factor of 23660 and 4394572?
364
What is the highest common factor of 219 and 279767463?
219
Calculate the highest common divisor of 400 and 55280675.
25
Calculate the highest common divisor of 10 and 7991342.
2
Calculate the highest common factor of 30689990 and 7170.
2390
Calculate the greatest common factor of 698 and 47764489.
349
Calculate the highest common divisor of 3926 and 88036.
26
Calculate the highest common factor of 2896871222 and 9667.
9667
Calculate the highest common factor of 508254 and 39878.
254
Calculate the greatest common factor of 15190 and 1645910.
490
Calculate the greatest common factor of 2260431 and 180.
9
What is the greatest common factor of 2373 and 4616841?
339
What is the highest common divisor of 204612 and 2651460?
708
What is the greatest common divisor of 15316928 and 484?
44
What is the greatest common factor of 59828307 and 902?
451
What is the highest common factor of 8137583 and 2745?
61
Calculate the greatest common factor of 200 and 131464.
8
Calculate the greatest common factor of 2920 and 43508.
292
What is the greatest common divisor of 14718563 and 148?
37
Calculate the highest common factor of 23331 and 41537664.
2121
What is the highest common divisor of 131092729 and 799?
799
Calculate the greatest common factor of 13430 and 198900.
170
Calculate the highest common factor of 7046 and 1908924.
542
Calculate the highest common factor of 15376 and 14243942.
1922
What is the highest common factor of 6006 and 75490415?
1001
What is the greatest common divisor of 331344 and 4038606?
702
What is the greatest common divisor of 13241110 and 116?
58
What is the greatest common factor of 6615 and 2765?
35
Calculate the highest common divisor of 440 and 15207610.
110
Calculate the highest common factor of 805 and 343525.
35
Calculate the greatest common factor of 16950 and 124003375.
2825
Calculate the greatest common divisor of 330 and 14686590.
30
What is the highest common factor of 72858280 and 176?
88
What is the highest common factor of 23030 and 265580?
490
Calculate the highest common divisor of 64465 and 11915.
5
What is the greatest common divisor of 161 and 343251356?
161
What is the greatest common divisor of 36 and 106140474?
18
Calculate the greatest common divisor of 1072 and 1161968.
16
Calculate the highest common divisor of 1750511 and 371.
7
What is the greatest common factor of 679211 and 1840702?
4019
What is the highest common divisor of 5520 and 992289?
69
What is the greatest common divisor of 13496 and 238952?
56
What is the greatest common factor of 157629 and 501?
3
Calculate the greatest common factor of 30672811 and 4277.
611
Calculate the greatest common factor of 1448740 and 1020.
340
Calculate the highest common factor of 51657356 and 782.
782
Calculate the greatest common divisor of 448440 and 3387720.
4440
Calculate the greatest common factor of 17 and 102248863.
17
What is the greatest common divisor of 403711 and 428407?
343
What is the highest common factor of 99330 and 1601922?
1806
What is the greatest common divisor of 246814 and 4?
2
Calculate the gre